{"id":25,"date":"2023-05-10T18:06:28","date_gmt":"2023-05-10T18:06:28","guid":{"rendered":"https:\/\/naturgut-hoevel.de\/?page_id=25"},"modified":"2025-12-22T11:01:36","modified_gmt":"2025-12-22T11:01:36","slug":"pensionsstall","status":"publish","type":"page","link":"https:\/\/naturgut-hoevel.de\/?page_id=25","title":{"rendered":"Pensionsstall"},"content":{"rendered":"\n<p><\/p>\n\n\n\n<p>Wir bieten einen Stellplatz angepasst f\u00fcr die Bed\u00fcrfnisse ihres Pferdes. Prim\u00e4r sind wir ein Selbstversorgerstall mit der Option des hinzu Buchens von Serviceleistungen. Durch eine angenehm freundlich und famili\u00e4re Stallgemeinschaft lassen sich die t\u00e4glichen Arbeiten gut verteilen und verrichten. Dies wird hier nach einem festgelegten Plan vollzogen, damit jeder sein Pferd gut versorgt wei\u00df. Im Gro\u00dfen und Ganzen bieten wir somit nicht nur ihrem Pferd ein Zuhause, sondern auch einen Ort zum Verweilen, der Freude und des Austauschs.<\/p>\n\n\n\n<div class=\"wp-block-columns is-layout-flex wp-container-3\">\n<div class=\"wp-block-column is-layout-flow\"><\/div>\n\n\n\n<div class=\"wp-block-column is-layout-flow\"><\/div>\n<\/div>\n\n\n\n<div class=\"wp-block-group is-layout-constrained\"><div class=\"wp-block-group__inner-container\">\n<p><strong><mark style=\"background-color:rgba(0, 0, 0, 0)\" class=\"has-inline-color has-black-color\">Angebot Selbstversorgung<\/mark>:<\/strong><\/p>\n\n\n\n<p><em>Monatliche Boxenmiete<\/em>:    360\u20ac inkl. Mwst.<\/p>\n\n\n\n<p><em>Im Preis enthalten:<\/em> &nbsp;&nbsp;&nbsp;&nbsp;&nbsp;&nbsp;<\/p>\n\n\n\n<p>-Box sowie Stoh (8kg pro Tag) und Heu<br>-Anlagen Nutzung<br>-Sattelschrank<br> -Ab\u00e4ppeln und Pflege des Paddocktrail<\/p>\n\n\n\n<p><em>Nicht enthalten:&nbsp;&nbsp;&nbsp;<\/em>&nbsp;&nbsp;&nbsp;&nbsp;&nbsp;&nbsp;&nbsp;&nbsp;&nbsp;&nbsp;<\/p>\n\n\n\n<p>-Kraftfutter (Jeder wei\u00df selber am besten was f\u00fcr sein Pferd das beste ist) <br>-Service wie: Box misten, F\u00fcttern, Weideservice<\/p>\n<\/div><\/div>\n\n\n\n<p><\/p>\n\n\n\n<div class=\"wp-block-buttons is-layout-flex\">\n<div class=\"wp-block-button\"><a class=\"wp-block-button__link wp-element-button\" href=\"https:\/\/naturgut-hoevel.de\/wp-content\/uploads\/2025\/12\/Preisliste-01-26.pdf\">Preisliste Serviceleistungen<\/a><\/div>\n\n\n\n<div class=\"wp-block-button\"><a class=\"wp-block-button__link wp-element-button\" href=\"https:\/\/naturgut-hoevel.de\/wp-content\/uploads\/2025\/01\/Stallordnung-2024.pdf\">Stallordnung<\/a><\/div>\n<\/div>\n","protected":false},"excerpt":{"rendered":"<p>Wir bieten einen Stellplatz angepasst f\u00fcr die Bed\u00fcrfnisse ihres Pferdes. Prim\u00e4r sind wir ein Selbstversorgerstall mit der Option des hinzu Buchens von Serviceleistungen. Durch eine angenehm freundlich und famili\u00e4re Stallgemeinschaft lassen sich die t\u00e4glichen Arbeiten gut verteilen und verrichten. Dies wird hier nach einem festgelegten Plan vollzogen, damit jeder sein Pferd gut versorgt wei\u00df. Im &hellip; <\/p>\n<p class=\"link-more\"><a href=\"https:\/\/naturgut-hoevel.de\/?page_id=25\" class=\"more-link\"><span class=\"screen-reader-text\">\u201ePensionsstall\u201c<\/span> weiterlesen<\/a><\/p>\n","protected":false},"author":1,"featured_media":74,"parent":0,"menu_order":0,"comment_status":"closed","ping_status":"closed","template":"","meta":[],"_links":{"self":[{"href":"https:\/\/naturgut-hoevel.de\/index.php?rest_route=\/wp\/v2\/pages\/25"}],"collection":[{"href":"https:\/\/naturgut-hoevel.de\/index.php?rest_route=\/wp\/v2\/pages"}],"about":[{"href":"https:\/\/naturgut-hoevel.de\/index.php?rest_route=\/wp\/v2\/types\/page"}],"author":[{"embeddable":true,"href":"https:\/\/naturgut-hoevel.de\/index.php?rest_route=\/wp\/v2\/users\/1"}],"replies":[{"embeddable":true,"href":"https:\/\/naturgut-hoevel.de\/index.php?rest_route=%2Fwp%2Fv2%2Fcomments&post=25"}],"version-history":[{"count":19,"href":"https:\/\/naturgut-hoevel.de\/index.php?rest_route=\/wp\/v2\/pages\/25\/revisions"}],"predecessor-version":[{"id":266,"href":"https:\/\/naturgut-hoevel.de\/index.php?rest_route=\/wp\/v2\/pages\/25\/revisions\/266"}],"wp:featuredmedia":[{"embeddable":true,"href":"https:\/\/naturgut-hoevel.de\/index.php?rest_route=\/wp\/v2\/media\/74"}],"wp:attachment":[{"href":"https:\/\/naturgut-hoevel.de\/index.php?rest_route=%2Fwp%2Fv2%2Fmedia&parent=25"}],"curies":[{"name":"wp","href":"https:\/\/api.w.org\/{rel}","templated":true}]}}